 -l. What are the prime factors of m?
17
Let i = -52 + 99. What are the prime factors of i?
47
Let d be (0 - 2)/1 + 6. Suppose 0*s = -2*s - 3*v + 48, v = -d. What are the prime factors of s?
2, 3, 5
What are the prime factors of 47/(1/((-2)/4*-2))?
47
Suppose -3*d + 581 = -i, i + 987 = 5*d + 4*i. Suppose -5*x + 5 + d = 0. What are the prime factors of x?
2, 5
Let a(q) = -4*q**3 - 4*q**2 - 2*q - 2. List the prime factors of a(-3).
2, 19
Let i(u) = 5 + 3*u**2 + 17*u - 4*u**2 - 5*u. Let p be i(12). Suppose 8*w - 39 = p*w. List the prime factors of w.
13
Let m(h) = h. Let f be m(-2). Let k = f + 10. Suppose 0*u = -4*u + k. What are the prime factors of u?
2
Let i(j) = j**2 - 5*j - 44. What are the prime factors of i(10)?
2, 3
Let n be -1 + 1 - 12/(-4). Suppose -n*k = -10 - 68. Let s = k - 14. List the prime factors of s.
2, 3
Let f be 96/42 - (-4)/(-14). Suppose 24 = o + f*o. Let n = o + -6. List the prime factors of n.
2
Let f(t) = -7*t - 33. Let g(v) = 10*v + 49. Let y(q) = 7*f(q) + 5*g(q). Let i be y(-10). Let l = 3 + i. List the prime factors of l.
7
Suppose -g - g = -376. What are the prime factors of g?
2, 47
Let i(r) = 6*r - 4. Let y be i(10). List the prime factors of 1*2 + y/4.
2
Suppose 5*i + 5*u = 580, -353 = -3*i - 5*u + 3*u. List the prime factors of i.
11
Let c = 135 + -62. What are the prime factors of c?
73
Suppose 0*f = 3*f. Suppose f = -2*p - s - 41, 4*p - s + 120 = -p. Let h = p - -40. What are the prime factors of h?
17
Suppose 19 = 4*h + n, 2*n = -0*h + 4*h - 10. Suppose -s + 25 = -w - 3, 2*w - h = 0. Suppose -c = 2*c - s. List the prime factors of c.
2, 5
List the prime factors of (0 - 1)/((6/1206)/(-1)).
3, 67
Suppose 0*g = -5*g + 10. Suppose 0 = 5*y + 1 + 4. What are the prime factors of 3/y*(-3 + g)?
3
Suppose 7*v - 2*z - 120 = 6*v, -4*v + 495 = -3*z. What are the prime factors of v?
2, 3, 7
Let u be 3/(-2)*20/(-1). Suppose 0 = o + 2*o - u. What are the prime factors of o?
2, 5
Suppose -l + 12 = l. Suppose 30 = 4*h + l. What are the prime factors of h?
2, 3
Let z(o) = -o**2 - 8*o - 1. Let c be z(-8). Let t be -129*c*(2 - 1). List the prime factors of t/27 - (-2)/9.
5
Let c be (-114)/(-15) - (-2)/5. Let m be -2 + 3/((-9)/(-60)). Let y = m - c. List the prime factors of y.
2, 5
Let q be 2*((-5)/2 + 2). Let l = 22 - q. List the prime factors of l.
23
Suppose -4*f - 2*j = 2*j - 76, 86 = 4*f + 2*j. List the prime factors of f.
2, 3
Let x be (9/6)/((-1)/2). What are the prime factors of (-23)/(-3) - (-2)/x?
7
Let w = 21 + -15. Let b = 4 + w. What are the prime factors of b?
2, 5
Suppose k - 3*j = 3 + 6, -j - 91 = -4*k. Suppose 2*q = -q + k. Suppose q = -3*s + 5*s. List the prime factors of s.
2
Let r be (18/(-15))/((-15)/200). List the prime factors of 4 + 3 + r + -1.
2, 11
Let h = 4 + -2. Let q = h - -1. List the prime factors of q.
3
Suppose 15*i - 1188 - 942 = 0. What are the prime factors of i?
2, 71
Suppose 0 + 4 = 2*w. Suppose -5*r - 140 = 2*p + w*p, 3*r + 3*p = -84. Let k = -19 - r. What are the prime factors of k?
3
Let k(u) = 2*u**2 + 6*u + 1. Let m(d) = -d**3 - 4*d**2 - 3*d - 2. Suppose -y - 2 = -0*y. Let o be m(y). What are the prime factors of k(o)?
3
Let c(a) = -a - 3. Let g(n) = -n**2 + 2*n. Let w be g(3). Let x be c(w). Suppose x*l + 2*l = 36. What are the prime factors of l?
2, 3
Let r be (0 - 1)*-1 + 2. Suppose -d - b = r*d - 96, -4*b = 4*d - 96. Suppose -t = -3*t + d. List the prime factors of t.
2, 3
Let a be ((-3)/(-3))/1 + 2. Suppose -4*o - 4*s + 1 = -43, -a*s = o - 13. What are the prime factors of 94/o + (-2)/5?
3
Suppose 4*v - 17 = -1. Let r = -96 + 100. Suppose n - 8 = -n, r*y = v*n + 4. What are the prime factors of y?
5
Let u(x) be the first derivative of 3*x**2/2 + 2*x + 1. Let k be (-7)/(-4) - 7/(-28). What are the prime factors of u(k)?
2
Suppose -3*o = -2*q + 3, o - 14 = -4*q - 1. Let m = 27 + -16. Suppose -m = -2*d + q. List the prime factors of d.
7
Suppose 3*l + 5*y - 146 = 2*l, 5*y = -5*l + 690. Suppose -l + 36 = -2*i. List the prime factors of i.
2, 5
Let n be (2 - 1)*0/1. Suppose n = 3*d - 1 - 23. List the prime factors of d.
2
Let i(a) = -a**2 - 2*a + 3. Let g be i(3). Suppose -2*o - f - 45 = 0, o - 3*f + 21 = -12. Let u = g - o. What are the prime factors of u?
2, 3
Let o(a) = -a - 2. Let v be o(-5). Suppose 15 = -3*f, 35 = 6*l - v*l - 4*f. List the prime factors of l.
5
Let g be (-2 - -4)*(1 - 0). Suppose 0 = -5*k, -r + 21 = -5*k - g. What are the prime factors of r?
23
Suppose 75 = 2*k + 3*k. What are the prime factors of k?
3, 5
Suppose -165 = -6*f + 3*f. What are the prime factors of f?
5, 11
Suppose -5*f = -20, 14 = -2*l - 0*l + 3*f. What are the prime factors of (-21)/6*l*2?
7
Suppose k - 40 = -0*k. Suppose 3*x - k - 11 = 0. What are the prime factors of x?
17
Let l be (0 - 1)/(7/63). Let d = 23 + l. What are the prime factors of d?
2, 7
Let k = 672 - 377. List the prime factors of k.
5, 59
Let r = -71 - -123. List the prime factors of r.
2, 13
Let i(c) = 2*c - 5. Let s be i(4). Let l be -2 + (6 - s) - -1. Suppose -l = -2*g - 4*f, 7*f = 2*f - 15. What are the prime factors of g?
7
List the prime factors of (10 + 8)/((-1)/(-14)).
2, 3, 7
Let o be (-156)/18 - 4/(-6). Let l = o + 13. List the prime factors of 1 - (l + -2 - 16).
2, 7
Let h = 18 - 13. Let t(l) = l**2 - l + 3. Let p be t(2). Suppose h*v - 27 = -2*n + 6*n, 5*n = -p*v + 45. What are the prime factors of v?
7
Let p(z) = 15*z - 4. Let d(n) = 7*n - 2. Let w(u) = 9*d(u) - 4*p(u). List the prime factors of w(2).
2
Let r = -20 + 59. Let x = 56 - r. List the prime factors of x.
17
Let m be 3 + -4*(-5 + 3). Let v(b) = -b**2 + 12*b + 5. Let k be v(m). Let n = k - -4. List the prime factors of n.
2, 5
List the prime factors of ((-13)/(-26))/(-1 - (-147)/146).
73
Let i(h) = h + 6. Let m be i(-6). Let s = 0 + m. Suppose l + 5*c - 9 = 4*l, -4*l - 5*c + 23 = s. What are the prime factors of l?
2
Let f(p) = -p - 4. Let m be f(-10). List the prime factors of m/18 - 231/(-9).
2, 13
Let c = 1 + 1. Suppose -66 = -c*w - w. What are the prime factors of w?
2, 11
Suppose 4*q - 44 = 2*q. Let j = 27 - q. What are the prime factors of j?
5
Let b(a) be the first derivative of a**3/3 + a**2/2 - 2*a + 2. List the prime factors of b(-3).
2
Suppose -5*t = -0*t. Suppose 0 = 5*g - t - 15. List the prime factors of g.
3
Suppose 4*j + 46 = 10. What are the prime factors of (-2)/j - (-1120)/63?
2, 3
List the prime factors of (1 - 3)/(700/708 + -1).
3, 59
Suppose -5*k - 5*u = -1015, 3*k = 3*u - 5*u + 613. List the prime factors of k.
3, 23
Suppose -s + 7*u = 2*u - 21, 3*u = -3*s + 9. Let l be (12/18)/(2/s). Suppose 11 = b - l. What are the prime factors of b?
13
Let o = 103 + -59. List the prime factors of o.
2, 11
Suppose -5*s + 336 = -3*s. List the prime factors of s.
2, 3, 7
Suppose 0*w - 2*u - 14 = -2*w, -5*w + 42 = 2*u. Suppose 3*t - 5 = 2*t. Suppose -t*k + w = -17. What are the prime factors of k?
5
List the prime factors of ((-111)/2)/(3/(-2) - -1).
3, 37
Let t(c) = 32*c + 4. Let h be t(2). Suppose -10*k + 6*k = -h. Let b = 2 + k. What are the prime factors of b?
19
Suppose 11*z - 474 = 9*z. List the prime factors of z.
3, 79
What are the prime factors of -16*(14/(-4) - -3)?
2
Let u be ((-3)/9)/((-2)/18). Suppose -4*f + u*f + 4 = h, -f - 2*h + 4 = 0. What are the prime factors of f?
2
Let q(i) = i**3. Let s be (0 + -3 - -2) + -2. Let p(t) = 2*t**3 + 6*t**2 - 6*t + 1. Let g(u) = s*q(u) + p(u). What are the prime factors of g(4)?
3
Let p = -3 + 6. Let x be (147/28)/(p/8). Suppose 0*l + l - x = 0. What are the prime factors of l?
2, 7
Let g(n) = n**2 + 2*n - 1. Let t be g(1). Suppose z = 2 + 2, -l - 5 = -t*z. Suppose 0 = -2*a + 3*j + 9 - 0, l*j = -4*a + 9. List the prime factors of a.
3
Let g(r) = 20*r**2 - 35*r - 26. Let h(m) = 7*m**2 - 12*m - 9. Let v(f) = -6*g(f) + 17*h(f). List the prime factors of v(3).
2, 3
Let q(d) = 8*d**2 - d + 1. Suppose 0 = 3*s - 0 - 3. Let r be q(s). List the prime factors of 2/r + (-21)/(-12).
2
Let y be (0/7)/(1 + -2). Suppose y = 5*j - 79 - 16. Let s = j + -11. What are the prime factors of s?
2
Suppose 2*z + 4*i = 32, 0*z + 2*z - 62 = 2*i. What are the prime factors of z?
2, 13
Let j be (-1)/(-2) - 123/(-6). Suppose 6 = -f + j. What are the prime factors of f?
3, 5
Let o(m) = -9*m + 0 + 0 - m**2 - 9. List the prime fact